en 318129 is divided by 41?
10
Calculate the remainder when 100046 is divided by 150.
146
What is the remainder when 4945 is divided by 62?
47
What is the remainder when 23478 is divided by 11692?
94
Calculate the remainder when 28393 is divided by 145.
118
Calculate the remainder when 124177 is divided by 583.
581
Calculate the remainder when 7691 is divided by 449.
58
Calculate the remainder when 7693 is divided by 3839.
15
What is the remainder when 9180 is divided by 70?
10
What is the remainder when 902428 is divided by 11423?
11
What is the remainder when 10964 is divided by 609?
2
What is the remainder when 3048 is divided by 305?
303
What is the remainder when 11368 is divided by 2255?
93
Calculate the remainder when 12179 is divided by 87.
86
What is the remainder when 317 is divided by 207?
110
Calculate the remainder when 2428046 is divided by 532.
530
Calculate the remainder when 165106 is divided by 89.
11
Calculate the remainder when 26286 is divided by 876.
6
Calculate the remainder when 123885 is divided by 9.
0
Calculate the remainder when 91797 is divided by 18.
15
What is the remainder when 17323 is divided by 19?
14
Calculate the remainder when 50478 is divided by 21.
15
Calculate the remainder when 282480 is divided by 1239.
1227
Calculate the remainder when 39551 is divided by 206.
205
Calculate the remainder when 439 is divided by 1.
0
Calculate the remainder when 33933 is divided by 6779.
38
Calculate the remainder when 52842 is divided by 281.
14
What is the remainder when 207628 is divided by 29659?
15
Calculate the remainder when 262188 is divided by 5.
3
What is the remainder when 3261 is divided by 1571?
119
Calculate the remainder when 3290 is divided by 48.
26
What is the remainder when 5467 is divided by 466?
341
Calculate the remainder when 46027 is divided by 555.
517
Calculate the remainder when 106391 is divided by 403.
402
Calculate the remainder when 21273 is divided by 10629.
15
What is the remainder when 643 is divided by 280?
83
What is the remainder when 907 is divided by 283?
58
What is the remainder when 8828 is divided by 1468?
20
Calculate the remainder when 1662287 is divided by 97.
95
Calculate the remainder when 58554 is divided by 248.
26
Calculate the remainder when 384416 is divided by 516.
512
Calculate the remainder when 35073 is divided by 35058.
15
Calculate the remainder when 75771 is divided by 984.
3
What is the remainder when 195158 is divided by 10271?
9
What is the remainder when 7147 is divided by 3043?
1061
What is the remainder when 65167 is divided by 19?
16
What is the remainder when 13845 is divided by 76?
13
Calculate the remainder when 81477 is divided by 42.
39
Calculate the remainder when 252287 is divided by 128.
127
What is the remainder when 16344 is divided by 527?
7
Calculate the remainder when 1318 is divided by 427.
37
What is the remainder when 61937 is divided by 176?
161
Calculate the remainder when 4685 is divided by 518.
23
What is the remainder when 14238 is divided by 80?
78
What is the remainder when 2163 is divided by 167?
159
What is the remainder when 1305 is divided by 120?
105
What is the remainder when 175042 is divided by 383?
11
Calculate the remainder when 158975 is divided by 432.
431
Calculate the remainder when 28823 is divided by 262.
3
Calculate the remainder when 3274 is divided by 247.
63
Calculate the remainder when 63526 is divided by 93.
7
Calculate the remainder when 33334 is divided by 145.
129
What is the remainder when 8510 is divided by 57?
17
What is the remainder when 88003 is divided by 45?
28
Calculate the remainder when 530 is divided by 34.
20
Calculate the remainder when 468 is divided by 240.
228
Calculate the remainder when 987284 is divided by 98728.
4
What is the remainder when 2602 is divided by 515?
27
What is the remainder when 4624 is divided by 148?
36
What is the remainder when 329692 is divided by 703?
688
What is the remainder when 12187 is divided by 2437?
2
Calculate the remainder when 6725 is divided by 558.
29
What is the remainder when 2990 is divided by 373?
6
What is the remainder when 94097 is divided by 111?
80
What is the remainder when 45206 is divided by 29?
24
Calculate the remainder when 13192 is divided by 23.
13
Calculate the remainder when 3701 is divided by 91.
61
Calculate the remainder when 3674 is divided by 988.
710
What is the remainder when 286 is divided by 212?
74
Calculate the remainder when 73463 is divided by 62.
55
What is the remainder when 3900 is divided by 697?
415
Calculate the remainder when 827 is divided by 743.
84
What is the remainder when 15496 is divided by 699?
118
Calculate the remainder when 98432 is divided by 95.
12
What is the remainder when 17108 is divided by 17105?
3
Calculate the remainder when 2088 is divided by 56.
16
What is the remainder when 6154 is divided by 6018?
136
What is the remainder when 26654 is divided by 55?
34
What is the remainder when 60488 is divided by 11?
10
Calculate the remainder when 1277 is divided by 1235.
42
Calculate the remainder when 2946 is divided by 953.
87
What is the remainder when 22674 is divided by 440?
234
What is the remainder when 1542221 is divided by 9?
8
Calculate the remainder when 32250 is divided by 2687.
6
Calculate the remainder when 8029 is divided by 153.
73
Calculate the remainder when 110033 is divided by 110017.
16
What is the remainder when 7258 is divided by 121?
119
Calculate the remainder when 2101 is divided by 410.
51
Calculate the remainder when 1005 is divided by 171.
150
What is the remainder when 4333 is divided by 57?
1
Calculate the remainder when 175270 is divided by 24.
22
What is the remainder when 5647 is divided by 283?
270
What is the remainder when 276200 is divided by 185?
180
Calculate the remainder when 2578 is divided by 239.
188
Calculate the remainder when 804341 is divided by 6.
5
Calculate the remainder when 59314 is divided by 9883.
16
Calculate the remainder when 158970 is divided by 503.
22
What is the remainder when 27493 is divided by 15?
13
Calculate the remainder when 25130 is divided by 168.
98
What is the remainder when 134236 is divided by 151?
148
What is the remainder when 506 is divided by 285?
221
Calculate the remainder when 1990139 is divided by 50.
39
Calculate the remainder when 1289 is divided by 118.
109
Calculate the remainder when 15716 is divided by 120.
116
Calculate the remainder when 132645 is divided by 50.
45
Calculate the remainder when 124328 is divided by 20.
8
Calculate the remainder when 898133 is divided by 710.
693
Calculate the remainder when 238869 is divided by 12.
9
What is the remainder when 3873 is divided by 149?
148
What is the remainder when 1103 is divided by 397?
309
Calculate the remainder when 6163 is divided by 613.
33
Calculate the remainder when 10520 is divided by 775.
445
What is the remainder when 220913 is divided by 85?
83
What is the remainder when 10368 is divided by 1679?
294
Calculate the remainder when 197999 is divided by 32997.
17
What is the remainder when 123060 is divided by 30761?
16
Calculate the remainder when 6347 is divided by 10.
7
Calculate the remainder when 46600 is divided by 15330.
610
What is the remainder when 30660 is divided by 18?
6
Calculate the remainder when 689048 is divided by 93.
11
What is the remainder when 38636 is divided by 40?
36
Calculate the remainder when 9856 is divided by 93.
91
What is the remainder when 19233 is divided by 809?
626
What is the remainder when 70613 is divided by 17563?
361
Calculate the remainder when 3206 is divided by 216.
182
What is the remainder when 68749 is divided by 674?
1
Calculate the remainder when 185990 is divided by 92994.
2
What is the remainder when 3284 is divided by 1633?
18
Calculate the remainder when 1283 is divided by 608.
67
What is the remainder when 45247 is divided by 37?
33
What is the remainder when 2840 is divided by 87?
56
Calculate the remainder when 251 is divided by 250.
1
What is the remainder when 504732 is divided by 35?
32
What is the remainder when 330167 is divided by 838?
833
Calculate the remainder when 960792 is divided by 297.
294
What is the remainder when 171609 is divided by 21451?
1
What is the remainder when 47597 i